{"id":11,"date":"2016-02-09T10:46:38","date_gmt":"2016-02-09T10:46:38","guid":{"rendered":"http:\/\/camping-pressel.de\/?page_id=11"},"modified":"2024-03-22T14:37:31","modified_gmt":"2024-03-22T14:37:31","slug":"start","status":"publish","type":"page","link":"http:\/\/camping-pressel.de\/?page_id=11","title":{"rendered":"\u00dcber den Platz"},"content":{"rendered":"<p>Der Campingplatz befindet sich im Herzen des Naturpark D\u00fcbener Heide am Rande des Naturschutzgebietes <a href=\"http:\/\/www.presseler-heide.de\/\" target=\"_blank\" rel=\"noopener noreferrer\">\u201ePresseler Moor- und Heidewald\u201c<\/a>.\u00a0Unmittelbar am Presseler Teich gelegen, ist der Campingplatz ein idealer Platz f\u00fcr Familien, Naturliebhaber und Wanderer.\u00a0Hier kann man die Ruhe genie\u00dfen und sich wunderbar erholen.<\/p>\n<p>Nahe Ausflugsziele:<\/p>\n<p>Gustav K\u00f6gel Rundwanderweg<\/p>\n<p>Milit\u00e4rmuseum Bunker <a href=\"http:\/\/www.bunker-kossa.de\/\" target=\"_blank\" rel=\"noopener noreferrer\">Kossa<\/a><\/p>\n<p>Kurstadt <a href=\"http:\/\/www.bad-dueben.de\/\" target=\"_blank\" rel=\"noopener noreferrer\">Bad D\u00fcben<\/a> mit Wellnessbad <a href=\"https:\/\/www.heidespa.de\/\" target=\"_blank\" rel=\"noopener noreferrer\">HeideSpa<\/a><\/p>\n<p>Renaissancestadt <a href=\"https:\/\/www.torgau.eu\" target=\"_blank\" rel=\"noopener noreferrer\">Torgau<\/a> und die Parkanlagen von <a href=\"http:\/\/www.bad-schmiedeberg.de\/\" target=\"_blank\" rel=\"noopener noreferrer\">Bad Schmiedeberg<\/a>.<\/p>\n<p>Interessante Ausflugsziele im Umkreis von etwa 50 km<\/p>\n<p>die Metropole <a href=\"http:\/\/www.leipzig.de\/\" target=\"_blank\" rel=\"noopener noreferrer\">Leipzig<\/a>, die Lutherstadt <a href=\"http:\/\/www.wittenberg.de\/\" target=\"_blank\" rel=\"noopener noreferrer\">Wittenberg<\/a>, das Gartenreich <a href=\"http:\/\/www.gartenreich.com\/\" target=\"_blank\" rel=\"noopener noreferrer\">Dessau-W\u00f6rlitz<\/a>, die Bauhausstadt <a href=\"http:\/\/www.bauhausstadt.de\/\" target=\"_blank\" rel=\"noopener noreferrer\">Dessau<\/a> und <a href=\"http:\/\/www.ferropolis.de\/\" target=\"_blank\" rel=\"noopener noreferrer\">Ferropolis<\/a>, die Stadt aus Eisen. Au\u00dferdem Mitteldeutschlands gr\u00f6\u00dfter Binnensee, die <a href=\"https:\/\/www.bitterfeld-wolfen.de\/de\/wisl_s-cms\/_redaktionell\/277\/Goitzsche.html\" target=\"_blank\" rel=\"noopener\">Goitzsche<\/a> sowie Deutschlands \u00e4ltester barocker Irrgarten (<a href=\"http:\/\/www.irrgarten-altjessnitz.de\/\" target=\"_blank\" rel=\"noopener noreferrer\">Alt-Je\u00dfnitz<\/a>).<\/p>\n<p>Mittagsruhe 13:00 Uhr bis 15:00 Uhr<\/p>\n<p>Nachtruhe 22:00 Uhr bis 08:00 Uhr<\/p>\n<p>Gastronomie:\u00a0Restaurant\u00a0<a href=\"http:\/\/www.landgasthof-pressel.de\/\" target=\"_blank\" rel=\"noopener noreferrer\">Landgasthof Pressel<\/a>.<\/p>\n<p>Einkaufsm\u00f6glichkeit im Ort Pressel ca. 2km entfernt<\/p>\n<p>Kinderspielplatz<\/p>\n<p>Gasflaschentausch m\u00f6glich<\/p>\n<p>Elektroanschluss f\u00fcr jeden Stellplatz<\/p>\n","protected":false},"excerpt":{"rendered":"<p>Der Campingplatz befindet sich im Herzen des Naturpark D\u00fcbener Heide am Rande des Naturschutzgebietes \u201ePresseler Moor- und Heidewald\u201c.\u00a0Unmittelbar am Presseler Teich gelegen, ist der Campingplatz ein idealer Platz f\u00fcr Familien, Naturliebhaber und Wanderer.\u00a0Hier kann man die Ruhe genie\u00dfen und sich wunderbar erholen. Nahe Ausflugsziele: Gustav K\u00f6gel Rundwanderweg Milit\u00e4rmuseum Bunker Kossa Kurstadt Bad D\u00fcben mit Wellnessbad &hellip; <a href=\"http:\/\/camping-pressel.de\/?page_id=11\" class=\"more-link\"><span class=\"screen-reader-text\">\u00dcber den Platz<\/span> weiterlesen <span class=\"meta-nav\">&rarr;<\/span><\/a><\/p>\n","protected":false},"author":1,"featured_media":0,"parent":0,"menu_order":1,"comment_status":"closed","ping_status":"closed","template":"","meta":{"footnotes":""},"class_list":["post-11","page","type-page","status-publish","hentry"],"_links":{"self":[{"href":"http:\/\/camping-pressel.de\/index.php?rest_route=\/wp\/v2\/pages\/11","targetHints":{"allow":["GET"]}}],"collection":[{"href":"http:\/\/camping-pressel.de\/index.php?rest_route=\/wp\/v2\/pages"}],"about":[{"href":"http:\/\/camping-pressel.de\/index.php?rest_route=\/wp\/v2\/types\/page"}],"author":[{"embeddable":true,"href":"http:\/\/camping-pressel.de\/index.php?rest_route=\/wp\/v2\/users\/1"}],"replies":[{"embeddable":true,"href":"http:\/\/camping-pressel.de\/index.php?rest_route=%2Fwp%2Fv2%2Fcomments&post=11"}],"version-history":[{"count":16,"href":"http:\/\/camping-pressel.de\/index.php?rest_route=\/wp\/v2\/pages\/11\/revisions"}],"predecessor-version":[{"id":313,"href":"http:\/\/camping-pressel.de\/index.php?rest_route=\/wp\/v2\/pages\/11\/revisions\/313"}],"wp:attachment":[{"href":"http:\/\/camping-pressel.de\/index.php?rest_route=%2Fwp%2Fv2%2Fmedia&parent=11"}],"curies":[{"name":"wp","href":"https:\/\/api.w.org\/{rel}","templated":true}]}}