{"id":2,"date":"2014-11-21T04:51:49","date_gmt":"2014-11-21T04:51:49","guid":{"rendered":"http:\/\/localhost\/wordpress-4.0.1\/wordpress\/?page_id=2"},"modified":"2025-11-19T11:11:54","modified_gmt":"2025-11-19T11:11:54","slug":"sample-page","status":"publish","type":"page","link":"http:\/\/camping-pressel.de\/","title":{"rendered":"Willkommen"},"content":{"rendered":"\n<p>Seit vielen Jahren begr\u00fc\u00dfen wir auf unserem zur Gemeinde geh\u00f6renden Campingplatz G\u00e4ste.<br>Unsere gro\u00dfe Wiese direkt am Presseler Teich gelegen ist f\u00fcr alle naturverbundenen Urlauber ein idealer Ausgangspunkt f\u00fcr Unternehmungen in den Naturpark D\u00fcbener Heide.<\/p>\n\n\n\n<p><span style=\"color: #ff0000;\"><b>Reservierungsanfragen<\/b><\/span><\/p>\n\n\n\n<p><span style=\"color: #ff0000;\"><b><\/b>Bitte richten Sie Reservierungsanfragen ausschlie\u00dflich telefonisch an folgende Rufnummer:<\/span><\/p>\n\n\n\n<p><span style=\"color: #ff0000;\">\ud83d\udcde<b> +49 15753694175<\/b><\/span><\/p>\n\n\n\n<p><span style=\"color: #ff0000;\"><b>Anreise und Anmeldung<\/b><b><\/b><\/span><\/p>\n\n\n\n<p><span style=\"color: #ff0000;\">Bitte beachten Sie, dass unsere Rezeption nicht durchgehend besetzt ist.<\/span><\/p>\n\n\n\n<p><span style=\"color: #ff0000;\">Um einen reibungslosen Ablauf bei Ihrer Ankunft zu gew\u00e4hrleisten, bitten wir Sie, sich <b>etwa 10 Minuten vor Ihrer geplanten Ankunft<\/b> telefonisch bei uns anzumelden.<\/span><\/p>\n\n\n\n<p><span style=\"color: #ff0000;\">\ud83d\udcde<b> Telefon zur Anmeldung bei Anreise: +49 15753694175<\/b><\/span><\/p>\n\n\n\n<p><span style=\"color: #ff0000;\">Ein Camper wird Sie am Tor in Empfang nehmen und Ihnen Ihren Stellplatz zuweisen.<\/span><\/p>\n\n\n\n<p class=\"has-text-align-center\"><span style=\"color: #ff0000;\"><em><strong>&#8220; wegen technischen Problemen zur Zeit keine Kartenzahlung m\u00f6glich &#8222;<\/strong><\/em><\/span><\/p>\n\n\n\n<iframe width='300' height='200' name='CW2' style='border:1px solid;border-color:transparent;' src='https:\/\/api.wetteronline.de\/wetterwidget?gid=x0708&#038;modeid=CW2&#038;seourl=pressel&#038;locationname=Pressel&#038;lang=de'><\/iframe>\n\n\n\n<p class=\"has-text-align-center\"><\/p>\n","protected":false},"excerpt":{"rendered":"<p>Seit vielen Jahren begr\u00fc\u00dfen wir auf unserem zur Gemeinde geh\u00f6renden Campingplatz G\u00e4ste.Unsere gro\u00dfe Wiese direkt am Presseler Teich gelegen ist f\u00fcr alle naturverbundenen Urlauber ein idealer Ausgangspunkt f\u00fcr Unternehmungen in den Naturpark D\u00fcbener Heide. Reservierungsanfragen Bitte richten Sie Reservierungsanfragen ausschlie\u00dflich telefonisch an folgende Rufnummer: \ud83d\udcde +49 15753694175 Anreise und Anmeldung Bitte beachten Sie, dass unsere &hellip; <a href=\"http:\/\/camping-pressel.de\/\" class=\"more-link\"><span class=\"screen-reader-text\">Willkommen<\/span> weiterlesen <span class=\"meta-nav\">&rarr;<\/span><\/a><\/p>\n","protected":false},"author":1,"featured_media":0,"parent":0,"menu_order":0,"comment_status":"open","ping_status":"open","template":"","meta":{"footnotes":""},"class_list":["post-2","page","type-page","status-publish","hentry"],"_links":{"self":[{"href":"http:\/\/camping-pressel.de\/index.php?rest_route=\/wp\/v2\/pages\/2","targetHints":{"allow":["GET"]}}],"collection":[{"href":"http:\/\/camping-pressel.de\/index.php?rest_route=\/wp\/v2\/pages"}],"about":[{"href":"http:\/\/camping-pressel.de\/index.php?rest_route=\/wp\/v2\/types\/page"}],"author":[{"embeddable":true,"href":"http:\/\/camping-pressel.de\/index.php?rest_route=\/wp\/v2\/users\/1"}],"replies":[{"embeddable":true,"href":"http:\/\/camping-pressel.de\/index.php?rest_route=%2Fwp%2Fv2%2Fcomments&post=2"}],"version-history":[{"count":25,"href":"http:\/\/camping-pressel.de\/index.php?rest_route=\/wp\/v2\/pages\/2\/revisions"}],"predecessor-version":[{"id":337,"href":"http:\/\/camping-pressel.de\/index.php?rest_route=\/wp\/v2\/pages\/2\/revisions\/337"}],"wp:attachment":[{"href":"http:\/\/camping-pressel.de\/index.php?rest_route=%2Fwp%2Fv2%2Fmedia&parent=2"}],"curies":[{"name":"wp","href":"https:\/\/api.w.org\/{rel}","templated":true}]}}